 factors of 956362697?
61, 15678077
What are the prime factors of 883226008?
2, 7, 499, 31607
List the prime factors of 60497725.
5, 109, 149
What are the prime factors of 70730981?
71, 996211
List the prime factors of 79177871.
89, 889639
What are the prime factors of 30749230?
2, 5, 3074923
What are the prime factors of 1051151261?
1051151261
List the prime factors of 17078508.
2, 3, 53, 8951
What are the prime factors of 100295655?
3, 5, 197, 33941
List the prime factors of 65484860.
2, 5, 7, 467749
What are the prime factors of 231907332?
2, 3, 19325611
List the prime factors of 5823608052.
2, 3, 103, 4711657
What are the prime factors of 334624720?
2, 5, 4182809
List the prime factors of 3498905634.
2, 3, 7, 1097, 75941
List the prime factors of 3778091078.
2, 59, 3581, 8941
What are the prime factors of 6446940556?
2, 7, 47, 1427, 3433
List the prime factors of 38314114.
2, 3187, 6011
What are the prime factors of 6100384280?
2, 5, 152509607
List the prime factors of 132060635.
5, 7, 29, 18587
What are the prime factors of 9213334?
2, 13, 109, 3251
List the prime factors of 46913973.
3, 15637991
What are the prime factors of 4807461176?
2, 7, 47, 1826543
What are the prime factors of 669739110?
2, 3, 5, 22324637
List the prime factors of 5996443.
97, 61819
What are the prime factors of 2114454622?
2, 7, 251, 683, 881
What are the prime factors of 1304017689?
3, 13, 2572027
List the prime factors of 42617702.
2, 1039, 20509
List the prime factors of 272054512.
2, 31, 53, 79, 131
List the prime factors of 3671179808.
2, 114724369
List the prime factors of 826896558.
2, 3, 17, 229, 35401
List the prime factors of 45145562.
2, 7, 11, 41879
What are the prime factors of 4341130409?
7, 11, 1409, 40013
What are the prime factors of 52923110?
2, 5, 43, 123077
List the prime factors of 29842345.
5, 13, 459113
What are the prime factors of 367730414?
2, 643, 285949
What are the prime factors of 633735141?
3, 13, 3659, 4441
List the prime factors of 1345663688.
2, 103, 239, 6833
What are the prime factors of 227298438?
2, 3, 67, 188473
What are the prime factors of 156735272?
2, 127, 154267
What are the prime factors of 7615372504?
2, 2711, 351133
What are the prime factors of 3108836?
2, 777209
What are the prime factors of 169565536?
2, 7, 31, 24419
What are the prime factors of 121828979?
121828979
List the prime factors of 63170703.
3, 883, 7949
What are the prime factors of 391567560?
2, 3, 5, 1187, 2749
What are the prime factors of 302836091?
302836091
List the prime factors of 2116113330.
2, 3, 5, 70537111
What are the prime factors of 1081068974?
2, 449, 1203863
What are the prime factors of 67775214?
2, 3, 13, 41, 21193
What are the prime factors of 718589267?
11, 65326297
List the prime factors of 2841490549.
97, 29293717
List the prime factors of 585900333.
3, 149, 436913
What are the prime factors of 1797866757?
3, 71, 2813563
What are the prime factors of 447218535?
3, 5, 29814569
What are the prime factors of 159334212?
2, 3, 13277851
List the prime factors of 367830289.
367830289
What are the prime factors of 3302902198?
2, 1651451099
What are the prime factors of 23039999?
4799, 4801
What are the prime factors of 17130806?
2, 7, 11, 173, 643
List the prime factors of 2263042586.
2, 7, 59, 2739761
What are the prime factors of 2510522489?
29, 107, 809063
List the prime factors of 2858029565.
5, 23, 24852431
List the prime factors of 2178221685.
3, 5, 1831, 79309
What are the prime factors of 55148282?
2, 7, 349, 11287
What are the prime factors of 725397861?
3, 31, 59, 73, 1811
List the prime factors of 140199958.
2, 4591, 15269
List the prime factors of 119834609.
1613, 74293
List the prime factors of 746876221.
7, 13, 59, 139109
What are the prime factors of 31690575?
3, 5, 7, 19, 353
List the prime factors of 6068261487.
3, 9157, 220897
List the prime factors of 313446643.
313446643
What are the prime factors of 255167485?
5, 73, 699089
What are the prime factors of 104390392?
2, 31, 420929
What are the prime factors of 394906291?
13, 37, 107, 7673
List the prime factors of 36125212.
2, 9031303
What are the prime factors of 120847463?
11, 1453, 7561
What are the prime factors of 3022279?
13, 83, 2801
What are the prime factors of 908741097?
3, 11, 41, 20353
List the prime factors of 3873919041.
3, 6067, 7883
List the prime factors of 2031438280.
2, 5, 83, 611879
What are the prime factors of 863579414?
2, 179, 2412233
What are the prime factors of 5555810705?
5, 71, 1999, 7829
What are the prime factors of 96393998?
2, 139, 269, 1289
What are the prime factors of 221683029?
3, 1907, 38749
What are the prime factors of 2028939222?
2, 3, 17, 19891561
What are the prime factors of 131137290?
2, 3, 5, 421, 3461
List the prime factors of 1365555091.
1741, 784351
What are the prime factors of 101781023?
17, 89, 67271
What are the prime factors of 17869526?
2, 101, 88463
List the prime factors of 1056434998.
2, 19, 27800921
What are the prime factors of 276134548?
2, 149, 463313
What are the prime factors of 63710033?
17, 3747649
What are the prime factors of 118866685?
5, 7, 3396191
What are the prime factors of 3356611907?
11, 16603, 18379
What are the prime factors of 8092133318?
2, 59, 68577401
List the prime factors of 153700332.
2, 3, 17, 73, 10321
What are the prime factors of 40592459?
2393, 16963
What are the prime factors of 8116136256?
2, 3, 42271543
List the prime factors of 140699729.
3163, 44483
What are the prime factors of 118369005?
3, 5, 31, 254557
What are the prime factors of 1056941234?
2, 19, 359, 77477
List the prime factors of 2701687961.
7, 1049, 52561
What are the prime factors of 368022445?
5, 7, 10514927
List the prime factors of 63667598.
2, 227, 140237
List the prime factors of 354247194.
2, 3, 7, 2437, 3461
List the prime factors of 5315521861.
13, 37, 11050981
What are the prime factors of 183495663?
3, 13, 43, 36473
List the prime factors of 26535422.
2, 23, 163, 3539
List the prime factors of 35615288.
2, 467, 9533
What are the prime factors of 1252917531?
3, 43, 25097
What are the prime factors of 1642372252?
2, 410593063
List the prime factors of 79193729.
19, 4168091
What are the prime factors of 39402258?
2, 3, 7, 83, 89, 127
What are the prime factors of 591451655?
5, 71, 1666061
What are the prime factors of 2932415115?
3, 5, 7, 27927763
List the prime factors of 1911024871.
7, 273003553
What are the prime factors of 33125563?
757, 43759
List the prime factors of 6403265758.
2, 3201632879
List the prime factors of 17748171.
3, 7, 281717
List the prime factors of 336539090.
2, 5, 33653909
List the prime factors of 482927430.
2, 3, 5, 29, 19141
List the prime factors of 32195073.
3, 1069, 10039
What are the prime factors of 32595702?
2, 3, 211, 25747
List the prime factors of 21853250.
2, 5, 61, 1433
List the prime factors of 5880013053.
3, 167, 1297, 9049
What are the prime factors of 36639413?
59, 621007
What are the prime factors of 457128978?
2, 3, 76188163
List the prime factors of 41589390.
2, 3, 5, 1386313
List the prime factors of 2130607777.
6871, 310087
What are the prime factors of 315022554?
2, 3, 7, 11, 239, 317
List the prime factors of 940435834.
2, 13, 36170609
List the prime factors of 1309635111.
3, 23, 73, 260003
List the prime factors of 46534568.
2, 5816821
List the prime factors of 1065761867.
1065761867
List the prime factors of 5545210979.
7, 11, 37, 101, 2753
List the prime factors of 2838782.
2, 1091, 1301
What are the prime factors of 4647297620?
2, 5, 7, 2971, 11173
List the prime factors of 204136953.
3, 31, 43, 51047
What are the prime factors of 5039075872?
2, 2221, 70901
What are the prime factors of 226188006?
2, 3, 11, 131, 26161
List the prime factors of 13737305.
5, 293, 9377
What are the prime factors of 89332564?
2, 859, 25999
List the prime factors of 64981654.
2, 179, 181513
What are the prime factors of 3017892720?
2, 3, 5, 12574553
List the prime factors of 5243264.
2, 13, 23, 137
What are the prime factors of 2089725?
3, 5, 11, 17, 149
What are the prime factors of 1635154686?
2, 3, 11, 23, 157, 2287
What are the prime factors of 146384761?
146384761
List the prime factors of 188197506.
2, 3, 7, 67, 2477
What are the prime factors of 16069021?
191, 841